(-7). What is the units digit of o/18 - 4/(-18)?
8
Let k(z) = 2*z. Let j be k(1). Let b be ((-12)/9)/(j/(-3)). Suppose i - b*i = -x - 3, -3*x = i + 1. What is the units digit of i?
2
Let f = -60 + 282. What is the hundreds digit of f?
2
Suppose -506 = -5*n + 539. What is the hundreds digit of n?
2
Suppose 100 + 126 = a. What is the units digit of a?
6
Let h(y) = -3*y + 55. Let s(b) = -4*b + 55. Let d(v) = 5*h(v) - 4*s(v). What is the tens digit of d(0)?
5
Let o = 202 + -118. What is the units digit of o?
4
Let x(f) = -f**3 + 3*f**2 + 2*f - 4. Let b be x(3). Suppose -6*k - j + 79 = -4*k, -4*k + 162 = -b*j. What is the units digit of k?
0
Let z = 0 - -12. Suppose 3*f - z = 30. What is the tens digit of f?
1
Suppose 3*y - 135 = -3*u + 246, -3*u + 413 = -5*y. What is the units digit of u?
1
Let z = 62 - 42. What is the tens digit of z?
2
Let j(y) = -y**2 - 9*y - 3. Let i be j(-8). Suppose 0 = -m + i, -2*x + 4*m = 3*m - 15. Let l = x + -5. What is the units digit of l?
5
Let w(j) = -j - 4. Suppose 21 = 4*c + 1. Let g(s) = -3*s - 7. Let z(u) = c*w(u) - 3*g(u). What is the units digit of z(3)?
3
Let f be (-20)/80 - (-346)/8. Let y be 468/(-21) - 4/(-14). Let i = y + f. What is the units digit of i?
1
Let a(u) = u**3 + 4*u**2 + 2*u - 1. Let v be a(-3). Suppose 36 = v*h + 10. What is the units digit of h?
3
Suppose 4*j = -4*i + j + 56, 4*i - 5*j = 88. What is the units digit of i?
7
Suppose 5*v + 6 = -o - 1, -30 = -3*o + 2*v. Suppose o*w = 9*w - 13. What is the units digit of w?
3
Let j(x) be the first derivative of x**2/2 + 2*x + 1. Let s be j(6). What is the tens digit of ((-30)/s)/((-3)/8)?
1
Let u be (-14*(0 + 1))/1. Let f = -11 - u. What is the units digit of f?
3
Suppose 0 = l + 3*w - 3, 0 = 3*l + 5*w - 13. Suppose q = -b + l, b + 2 + 6 = q. What is the units digit of 1 + -1 + q - -3?
0
Let g(o) = -o**2 - 8*o + 1. Suppose -2*b = -8, -5*d + 2*b - 42 = -b. What is the units digit of g(d)?
3
Suppose -5*w + 0*d + 286 = 4*d, -5*d = 2*w - 128. Let y = 99 - w. What is the tens digit of y?
4
Let b = 103 + -72. What is the units digit of b?
1
Suppose x - 2*b = -4, -2*x = 2*x + 3*b - 28. Suppose -70 = -x*l + 2*l. Suppose -l = -5*z + 5. What is the units digit of z?
8
What is the units digit of 2 + (-76)/8*-2?
1
Suppose -3*s = 2*s - 290. What is the units digit of s?
8
What is the units digit of (-1)/(-4) + 30/8?
4
Let n = -360 + 242. Let a = n - 58. What is the units digit of a/(-18) - (-4)/18?
0
Let i(c) = -c**2 + c + 1. Let p(o) = 3*o**2 - o + 1. Let q(s) = -4*i(s) - p(s). What is the units digit of q(7)?
3
Suppose -i + 6 = -3*i, -i + 25 = -2*l. Let k = l - -26. What is the units digit of k?
2
Let a = 6 + 7. What is the units digit of a?
3
Let t be 9/(-3) - (2 - 2). What is the units digit of ((-28)/t)/((-10)/(-15))?
4
Let m(x) = x**2 + 2*x + 2. Suppose 4*w - 3*w + 12 = 0. Let f be (-3)/w + 42/(-8). What is the units digit of m(f)?
7
Suppose 0 = 2*f - 26 - 46. What is the tens digit of f?
3
Let j = 52 + -32. Suppose t - 25 = -5*z - t, -4*z + 2*t + j = 0. What is the units digit of z?
5
Suppose -3*a - 2*a = 0. Suppose 2*r = 5*v - 0*v - 44, a = 4*v + r - 30. What is the units digit of v?
8
Suppose 3*u = -21 + 3. What is the units digit of 5*6/(-20)*u?
9
Let p(b) = b**3 - 4*b**2 - 11*b - 3. What is the tens digit of p(7)?
6
Suppose -2*l - 59 = -3*l. What is the units digit of l?
9
Suppose -5*i + 436 = -4*m, -m - 195 = -5*i + 229. What is the tens digit of i?
8
Let f(c) = 9*c - 12. What is the units digit of f(6)?
2
Suppose 0 = 5*r - 4*r - 3. Suppose 2*a - 3*k = 23, -1 - 34 = -r*a + 4*k. What is the tens digit of a?
1
Suppose a - 20 = 6*a. Let h be a*(11/4 - 0). Let r = -7 - h. What is the units digit of r?
4
Suppose 92 = 3*h + h. What is the units digit of h?
3
Let y = 3 - -1. Let x = -6 + y. What is the units digit of (0 - 1)*(0 + x)?
2
Let z = -18 + 15. What is the tens digit of (-3 + (z - 19))*-1?
2
Let x(s) = s**2 + 3*s + 4. Let c be x(-3). Suppose -c*a - 27 = -7*a. What is the units digit of a?
9
Let i(j) = j**2 + 6*j - 6. Let s be 14/(-2 - 0) - -1. Let h be i(s). What is the units digit of (22/6)/((-2)/h)?
1
Let f(y) = -y**3 + 14*y**2 - 9*y - 13. What is the tens digit of f(13)?
3
Let l(t) = 15*t - 12. What is the units digit of l(3)?
3
Let h be (-3 - -1)*(-19)/2. Suppose 0*f - 54 = -4*y - f, -y = 3*f - h. Let l = 19 - y. What is the units digit of l?
6
Let q(f) = -2*f + 2. Let v be q(-8). Suppose -o + v = -0*o. What is the units digit of o?
8
Let v(f) = -f**2 + 5*f - 2. Let d be v(4). Let g be (-1)/d*(0 - 0). Suppose 3*z = -g*z + 18. What is the units digit of z?
6
Suppose 3*y = -4*s + 8, -2*y - 5*s + 15 = 3*y. What is the tens digit of y/6 - (-76)/3?
2
What is the tens digit of 58/8*(-8)/(-1)?
5
Suppose -q = 1 - 3. Suppose -v = y - 4, -y - 18 + q = -3*v. What is the units digit of v?
5
Let v(n) = 3*n**2 + 3*n + 4. Let j be v(-3). Let q = j + -11. What is the tens digit of q?
1
Let f = -7 + 5. What is the units digit of ((-10)/(-4))/((-1)/f)?
5
Let h(n) = -24*n**3 - n**2 + 1. Let m be h(-1). Let j = -12 + m. What is the units digit of j?
2
Let w = 22 + 41. What is the tens digit of w?
6
Suppose -13*d = -16*d + 102. What is the units digit of d?
4
Let f(y) = 18*y + 2. What is the tens digit of f(3)?
5
Suppose -y + 5 = 2. Let b(u) = u**2 - 9*u + 8. Let c be b(9). Let n = c - y. What is the units digit of n?
5
Suppose -2*x - 4*j + 14 = 0, 2*x - 2*j + 19 = 7*x. Suppose x*f - 8 = 70. What is the tens digit of f?
2
Suppose -4*v + 8 = -56. Let l = v - 12. What is the units digit of l?
4
Suppose 0 = 3*o, -2*o = -k + 3*k - 80. What is the tens digit of k?
4
Let j(h) = -8*h + 2 - 6 - h**2 + 1. Let r(q) = -q**3 - 5*q**2 + 7*q - 1. Let p be r(-6). What is the units digit of j(p)?
4
Let l(h) = -h**3 + 15*h**2 - 3*h - 21. What is the tens digit of l(7)?
5
Let u = 8 + -5. Suppose 4*c + h - 31 = 6*h, -u = 3*c + 5*h. What is the units digit of c?
4
Suppose -13*n + 512 = -5*n. What is the tens digit of n?
6
Suppose 5*f + 2 = r + 32, -3*f = -4*r - 35. Suppose -p + 9 = 3*n + 1, 5*n - 10 = -f*p. Suppose -7 = -4*u - n. What is the units digit of u?
1
Let o be 28/(-6)*(-3)/1. Let v = o + 12. What is the units digit of v?
6
Let k(p) be the second derivative of p**5/20 - 5*p**4/12 + 2*p**3/3 + p**2 - 9*p. Let m(h) = -h**2 + 5*h. Let r be m(4). What is the units digit of k(r)?
2
Let a = 415 - 60. What is the units digit of a?
5
Let q(d) = 22*d - 1. What is the units digit of q(1)?
1
Let x(t) = -t**3 - 2*t**2 - t + 3. Let r be x(-4). Let d = r - 28. What is the tens digit of d?
1
Let f be 6/15 - (-759)/15. Suppose -b = 2*b - f. What is the tens digit of b?
1
What is the tens digit of 1*(75 - -1) + (-105)/(-105)?
7
Suppose n - 21 = -0. What is the units digit of n?
1
Suppose -1197 = -0*z - 9*z. What is the hundreds digit of z?
1
Let w = 289 + -203. Suppose -2*f = 2*p - 3*p - 35, -4*p - w = -5*f. What is the tens digit of f?
1
Suppose 2*o = 3*i - 100, 4*o + 98 = 3*i + 3*o. What is the tens digit of i?
3
Let s be (2 - 0)/((-5)/50). Let y(v) = 32*v**2 + 1. Let o be y(1). Let i = o + s. What is the tens digit of i?
1
Let u(v) = 73*v**2 - 3*v + 2. What is the tens digit of u(1)?
7
Suppose 0 = 5*g - 58 - 42. What is the tens digit of g?
2
Let k(j) = -3*j - 2. Let b be k(-6). What is the tens digit of 17 - 4/b*0?
1
Let v(h) be the second derivative of -h**3/2 + h. What is the units digit of v(-2)?
6
Let p be ((-6)/(-12))/(2/76). Suppose p = z - 5*h - 31, -h = -4*z + 105. What is the units digit of z?
5
Suppose 0 = r + 3*r - 252. What is the units digit of r?
3
Let p(h) = h**2 + 13*h + 8. Let o be p(-10). What is the units digit of ((o - -2) + 4)/(-1)?
6
Suppose -3*v - 94 = -520. What is the tens digit of v?
4
Let b be 24/10 - 4/10. Suppose -w + 5*j - 2*j + 13 = 0, b*w - 3*j = 26. What is the units digit of w?
3
Suppose 0 = -j - j + 40. What is the units digit of j?
0
Let i(x) = x. Let g be i(0). Suppose y + y = -5*u + 178, g = -2*u - y + 71. What is the tens digit of u?
3
Suppose -10 = -3*z - 2*z. Suppose 0*r + 5*t + 11 = r, 5*r = z*t + 32. Suppose 2*d = 20 + r. What is the tens digit of d?
1
Suppose 7*m + 677 = 2462. What is the hundreds digit of m?
2
Suppose r - b + 2 = 0, -3*r + 5*b - 5 = 9. Let l be r*3*(-3)/(-18). What is the units digit of (-4 + l)/(6/(-16))?
8
Let p(w) = w